nder when x(38) is divided by 20?
10
Let f(h) = -201*h + 1838. What is the remainder when 811 is divided by f(9)?
28
Suppose 13 = 5*q - 5*m + 3, 4*m - 48 = -4*q. Let l(n) = 3*n + 61. Let i(o) = o**2 - 8*o - 29. Let d be i(10). Calculate the remainder when l(d) is divided by q.
6
Suppose 130*v + 22*v = 27*v + 206125. What is the remainder when v is divided by 28?
25
Let f = 178 + -130. Suppose f*q = 42*q + 978. What is the remainder when q is divided by 42?
37
Let h be (-8)/(64/(-36)) - (-2)/(-4). Suppose h*y + 17 = 149. What is the remainder when y is divided by 6?
3
Let a = 409 - 271. Let f = a + -138. What is the remainder when 58 is divided by -4 - -14 - (-5 - f)?
13
Suppose 9 = 14*w - 61. Suppose w*v - 174 - 305 = -2*k, -2*v - 4*k + 198 = 0. Suppose 48*d - 53*d + v = 0. What is the remainder when 37 is divided by d?
18
Suppose -g + 13 = -22. Let x(d) = 10*d**3 + d**2 - 2*d. Suppose -5*l + 30 = 25. What is the remainder when g is divided by x(l)?
8
Let t be 4/(-5 + 1) - -4. Suppose -2*b = -s - 7, 0 = -t*b + 7*b - 3*s - 9. Suppose 68 = b*h - 46. What is the remainder when 34 is divided by h?
15
Suppose 163*s - 154*s = -81. What is the remainder when (-4 - 30/s)/((-8)/984) is divided by 17?
14
Let z(o) = -172*o + 1043. What is the remainder when 12*(-9)/(-4)*2 is divided by z(6)?
10
Suppose 9 + 2 = -m. Calculate the remainder when (-19 - -7)*m/4 is divided by 658/98 - 4/(-14).
5
Let p = -1699 + 1712. Let y = -25 + 43. Let r = y - -19. Calculate the remainder when r is divided by p.
11
Suppose 1027 = 4*y + 9*y. Let c = y - 9. Suppose 0 = 2*g - w + 3*w - c, 4 = 2*w. Calculate the remainder when g is divided by 9.
6
Suppose -94*y = -120780 + 4784. What is the remainder when y is divided by 111?
13
Suppose 18*j - 240 = 13*j. Let x = j - 46. What is the remainder when (-424)/12*(x - 3)*3 is divided by 18?
16
Let i be ((-198)/(-3))/3 + 0. Let l be 6875/2255 - (-4)/(-82). Suppose -2*d - l*s + 11 = -i, -4*d - 2*s = -54. What is the remainder when 47 is divided by d?
11
Let l(z) = -z**3 + 9*z**2 + 30*z - 66. Calculate the remainder when l(-6) is divided by 137.
20
Suppose -3*j + 4 - 1 = 0. Suppose l - 3 = 5*s - j, -3*l = s - 70. Calculate the remainder when 0 + 42*(-6)/(-4) is divided by l.
19
Suppose -2*s + 7*s = -5*f + 95, -5*s + 4*f = -86. Suppose 0*u - 33 = -l + 2*u, l + 3*u - s = 0. Calculate the remainder when l is divided by 8.
3
Suppose -w + 0*w - 3*f = -14, 3*f - 3 = 0. Suppose -5*d + 131 = -309. Let h = -82 + d. What is the remainder when w is divided by h?
5
Suppose -2*g - 5320 + 772 = -8*g. Calculate the remainder when g is divided by 110.
98
Let g = 10770 - 10594. What is the remainder when 1587 is divided by g?
3
Let u be (-68)/306 + (-5893)/9. What is the remainder when u/(-3) + (-92)/(-138) is divided by 44?
43
Let d be -2*(0 - 5/(-10)). Calculate the remainder when 42 is divided by (6 - d - 6)*15.
12
Let z(v) = v**2 + 22*v + 109. Let l be z(-19). Suppose l*u + 999 = 55*u - 3*k, -4*u + 1334 = -3*k. What is the remainder when u is divided by 16?
15
Suppose q - 209 = -4*o + o, 3*q = -4*o + 287. Suppose -72 = -71*t + o*t. Calculate the remainder when 59 is divided by ((-208)/t)/((-4)/6).
7
Let g(m) = 2*m**2 + 28*m - 394. What is the remainder when 438 is divided by g(9)?
18
Suppose 17*m - 1824 = 10*m - 17*m. What is the remainder when m is divided by 3?
1
What is the remainder when (-4 + 1)*786184/(-2121) is divided by 540?
32
Suppose -2*r + 2 = 0, 81*g - 85*g + 6*r = -294. What is the remainder when 4189 is divided by g?
64
Let h = 330 - 76. Suppose 5*m - 3*y = 255, -47*m + 46*m + 4*y + 51 = 0. What is the remainder when h is divided by m?
50
Suppose -5*l - 500 = -q, -5*q + l - 793 = -3389. Suppose 8*y - q = -12*y. What is the remainder when 128 is divided by y?
24
Suppose 49 = i + 5*h - 27, -3*i - 5*h + 268 = 0. Calculate the remainder when 13727 is divided by i.
95
Suppose 305*m = -7154 + 24844. Let y(p) = 14*p + 2. What is the remainder when m is divided by y(2)?
28
Suppose -15*r = -11*r - 392. Let n = -98 + r. Suppose 2*y = 7*s - 3*s - 66, s - 4*y - 13 = n. What is the remainder when 98 is divided by s?
13
Suppose -53*g + 196 - 37 = 0. Suppose -15 = -2*r - g. Calculate the remainder when 260 is divided by r.
2
Let l be (5085/40 - 10) + (-1)/8. Let h = l + -112. What is the remainder when h is divided by 4?
1
Let q(y) = -3*y + 44. Let w(p) be the second derivative of -5*p**3/6 - 49*p**2/2 + 40*p. Let k be w(-12). Calculate the remainder when 41 is divided by q(k).
8
Let w(r) = r**2 + 13*r + 34. Let t be w(-9). Calculate the remainder when t/2*5/((-45)/639) is divided by 19.
14
Let k(n) = -9*n + 41. Let s(o) = -o**3 - 18*o**2 - 16*o + 2. Let u be s(-17). Calculate the remainder when k(u) is divided by 60.
56
Let f(i) = -i**3 + 27*i**2 - 51*i - 172. Calculate the remainder when 673 is divided by f(24).
9
Calculate the remainder when 9778 is divided by 64 - (8/7)/(((-108)/(-42))/9).
58
Calculate the remainder when (-9448)/(-40) - 2/10 - (12 + -12) is divided by 175.
61
Calculate the remainder when 2190/3 + (-81 - -70) is divided by 31.
6
What is the remainder when 3721 is divided by (-8 + (-1209)/(-169) + 2/(-13))*-69?
64
Suppose 3*j + 57 = -3*q - 0, q + 4*j + 4 = 0. Calculate the remainder when 102 is divided by q/1*6/(-9) + -4.
6
What is the remainder when 433 is divided by (-4976)/(-12) + 6/27*-3?
19
Suppose 5*n - 28 = n. Let w(f) = 15*f**2 - 147*f + 379. What is the remainder when w(5) is divided by n?
5
Let a(u) = -u**2 - 3*u + 22. Let x be a(-14). Let j = -115 - x. What is the remainder when 592 is divided by j?
14
Calculate the remainder when 7422 is divided by 3231/24 - ((-189)/56 - -3).
132
Suppose 5*w = -17 + 137. Calculate the remainder when (252/39)/(62/403) is divided by w.
18
Let k be 4 + ((-200)/(-110) - 2/(-11)). Suppose -690 = -k*y - 0*y. Let q = -75 + y. What is the remainder when 158 is divided by q?
38
Let m = -211 + 210. What is the remainder when 109 is divided by (9 + (-170)/20)/(m/(-58))?
22
Suppose -17*v + 46*v = 1189. Suppose 4361 = 23*l - 4057. Calculate the remainder when l is divided by v.
38
Let k(t) = 76*t**2 - 91*t + 180. What is the remainder when k(2) is divided by 65?
42
Suppose 3*t - 618 = -3*o, -t + 38 = 2*o - 164. What is the remainder when 769 is divided by t?
139
Let t be ((-4)/8)/(8/64). Let g(i) = i**3 + 6*i**2 - 7*i - 3. What is the remainder when g(t) is divided by 20?
17
Let q = -2372 + 2433. What is the remainder when 184 is divided by q?
1
Suppose 5*n - 20 - 1 = 3*h, 2 = 4*n + 5*h. Suppose -4*b - 300 = -n*q + 14, -q + 2*b = -104. What is the remainder when q is divided by 27?
25
Let w(u) = -u**3 + 44*u**2 - 340*u + 52. What is the remainder when w(33) is divided by 210?
181
Let b(w) be the second derivative of -w**3/6 + 9*w**2 + 3*w. Let s be b(14). Suppose -s*z + 3*z = -14. What is the remainder when 54 is divided by z?
12
Let x be (0 + -84)/(-1) - (-16)/(-4). Suppose -100 = -5*a + 3*i, i + 0*i - x = -5*a. Suppose 5*r - 127 = 208. What is the remainder when r is divided by a?
16
Suppose -194 = 20*f - 3714. What is the remainder when 562 is divided by f?
34
Suppose 0 = -2*r - f + 696, 81*f + 692 = 2*r + 83*f. What is the remainder when r is divided by 47?
21
Let w(n) = n**3 - 5*n**2 + 106*n - 386. Calculate the remainder when 568 is divided by w(4).
18
Suppose -3*w + 134 - 54 = 2*d, 5*d - w = 183. Suppose -2*f = -4*l + 890, -3*f - 376 - 296 = -3*l. What is the remainder when l is divided by d?
36
Suppose 0 = 4*j - 10*y + 8*y + 16, 0 = 5*y. What is the remainder when 74 is divided by (7*(3 + j))/(-1)?
4
Let z(v) = 2*v**2 + 6*v + 12. Let f(c) = 4*c**2 + 13*c + 25. Let y(w) = -6*f(w) + 13*z(w). Let d = -45 - -59. What is the remainder when y(-3) is divided by d?
10
Suppose -2*t = 2*r - 3*r + 13, 0 = 3*r - 2*t - 23. Suppose 0 = k + 3*x - 118, -5*x = r*k - x - 612. What is the remainder when k is divided by 208/5 + 4/10?
40
Suppose -p + 100 = 4*p - 5*d, p + d - 30 = 0. What is the remainder when p is divided by (33/(-4))/((-27)/(-6))*-6?
3
Suppose -5*p - 1252 = 5*u - p, -u - 3*p - 257 = 0. Let r = 413 - u. Calculate the remainder when r is divided by 51.
49
Suppose 130 = 104730*b - 104725*b. Calculate the remainder when 663 is divided by b.
13
Suppose 0 = 2*j + 2*b, j + 9*b - 15 = 11*b. Let 